prime factors of 18817?
31, 607
List the prime factors of 8644.
2, 2161
List the prime factors of 5718.
2, 3, 953
What are the prime factors of 1315?
5, 263
What are the prime factors of 57898?
2, 28949
What are the prime factors of 1916?
2, 479
List the prime factors of 392.
2, 7
What are the prime factors of 20360?
2, 5, 509
What are the prime factors of 3120?
2, 3, 5, 13
What are the prime factors of 3918?
2, 3, 653
List the prime factors of 303.
3, 101
What are the prime factors of 29217?
3, 9739
List the prime factors of 7745.
5, 1549
What are the prime factors of 581?
7, 83
What are the prime factors of 5589?
3, 23
List the prime factors of 5390.
2, 5, 7, 11
List the prime factors of 43651.
43651
What are the prime factors of 90502?
2, 37, 1223
What are the prime factors of 20209?
7, 2887
What are the prime factors of 72490?
2, 5, 11, 659
What are the prime factors of 2392?
2, 13, 23
List the prime factors of 6882.
2, 3, 31, 37
List the prime factors of 2207.
2207
List the prime factors of 48300.
2, 3, 5, 7, 23
What are the prime factors of 17761?
17761
List the prime factors of 1055.
5, 211
What are the prime factors of 3442?
2, 1721
What are the prime factors of 19979?
19979
List the prime factors of 5819.
11, 23
What are the prime factors of 113287?
113287
List the prime factors of 14660.
2, 5, 733
What are the prime factors of 7989?
3, 2663
What are the prime factors of 836?
2, 11, 19
What are the prime factors of 21942?
2, 3, 23, 53
List the prime factors of 103489.
37, 2797
List the prime factors of 84239.
84239
List the prime factors of 24079.
11, 199
What are the prime factors of 5557?
5557
List the prime factors of 121851.
3, 4513
List the prime factors of 188708.
2, 13, 19, 191
List the prime factors of 1032.
2, 3, 43
What are the prime factors of 684?
2, 3, 19
What are the prime factors of 4604?
2, 1151
List the prime factors of 8019.
3, 11
What are the prime factors of 15596?
2, 7, 557
List the prime factors of 102095.
5, 7, 2917
List the prime factors of 1341.
3, 149
List the prime factors of 5038.
2, 11, 229
List the prime factors of 3329.
3329
List the prime factors of 733.
733
List the prime factors of 3118.
2, 1559
What are the prime factors of 1371?
3, 457
What are the prime factors of 12745?
5, 2549
What are the prime factors of 12071?
12071
List the prime factors of 59593.
23, 2591
List the prime factors of 82203.
3, 11, 47, 53
List the prime factors of 1361.
1361
What are the prime factors of 16035?
3, 5, 1069
List the prime factors of 2839.
17, 167
What are the prime factors of 22785?
3, 5, 7, 31
List the prime factors of 97368.
2, 3, 4057
What are the prime factors of 3573?
3, 397
What are the prime factors of 1944?
2, 3
List the prime factors of 22267.
7, 3181
List the prime factors of 63.
3, 7
What are the prime factors of 3323?
3323
What are the prime factors of 120687?
3, 7, 821
List the prime factors of 729.
3
What are the prime factors of 17012?
2, 4253
What are the prime factors of 7152?
2, 3, 149
List the prime factors of 2616.
2, 3, 109
What are the prime factors of 12539?
12539
What are the prime factors of 1007?
19, 53
List the prime factors of 1466.
2, 733
List the prime factors of 1325.
5, 53
List the prime factors of 478.
2, 239
What are the prime factors of 113354?
2, 19, 157
What are the prime factors of 186?
2, 3, 31
List the prime factors of 3716.
2, 929
What are the prime factors of 94179?
3, 31393
What are the prime factors of 151145?
5, 19, 37, 43
List the prime factors of 1115.
5, 223
List the prime factors of 4093.
4093
What are the prime factors of 2220?
2, 3, 5, 37
List the prime factors of 66432.
2, 3, 173
List the prime factors of 2620.
2, 5, 131
List the prime factors of 1386.
2, 3, 7, 11
List the prime factors of 4742.
2, 2371
List the prime factors of 2357.
2357
List the prime factors of 8964.
2, 3, 83
What are the prime factors of 1252?
2, 313
List the prime factors of 2367.
3, 263
What are the prime factors of 14193?
3, 19, 83
What are the prime factors of 52969?
7, 23, 47
What are the prime factors of 4110?
2, 3, 5, 137
List the prime factors of 40244.
2, 10061
What are the prime factors of 28015?
5, 13, 431
What are the prime factors of 2948?
2, 11, 67
List the prime factors of 39461.
39461
List the prime factors of 747.
3, 83
List the prime factors of 69036.
2, 3, 11, 523
List the prime factors of 806.
2, 13, 31
What are the prime factors of 301?
7, 43
List the prime factors of 10652.
2, 2663
List the prime factors of 22208.
2, 347
What are the prime factors of 6128?
2, 383
List the prime factors of 984.
2, 3, 41
What are the prime factors of 59954?
2, 31, 967
What are the prime factors of 28354?
2, 14177
What are the prime factors of 104630?
2, 5, 10463
List the prime factors of 39132.
2, 3, 1087
What are the prime factors of 10575?
3, 5, 47
List the prime factors of 786.
2, 3, 131
List the prime factors of 31297.
7, 17, 263
List the prime factors of 30653.
7, 29, 151
What are the prime factors of 29?
29
What are the prime factors of 20657?
7, 13, 227
List the prime factors of 4079.
4079
List the prime factors of 152173.
7, 21739
List the prime factors of 27968.
2, 19, 23
What are the prime factors of 1208?
2, 151
What are the prime factors of 55843?
55843
What are the prime factors of 2730?
2, 3, 5, 7, 13
List the prime factors of 91064.
2, 11383
List the prime factors of 1430.
2, 5, 11, 13
List the prime factors of 660.
2, 3, 5, 11
List the prime factors of 16151.
31, 521
List the prime factors of 1773.
3, 197
What are the prime factors of 22301?
29, 769
What are the prime factors of 25767?
3, 7, 409
What are the prime factors of 4313?
19, 227
What are the prime factors of 10550?
2, 5, 211
What are the prime factors of 31420?
2, 5, 1571
List the prime factors of 8309.
7, 1187
List the prime factors of 10292.
2, 31, 83
What are the prime factors of 5259?
3, 1753
List the prime factors of 25113.
3, 11, 761
What are the prime factors of 32928?
2, 3, 7
List the prime factors of 13156.
2, 11, 13, 23
List the prime factors of 90581.
239, 379
What are the prime factors of 1034?
2, 11, 47
What are the prime factors of 69617?
43, 1619
List the prime factors of 1109.
1109
What are the prime factors of 20548?
2, 11, 467
List the prime factors of 916.
2, 229
What are the prime factors of 10451?
7, 1493
List the prime factors of 100.
2, 5
What are the prime factors of 4586?
2, 2293
List the prime factors of 2806.
2, 23, 61
List the prime factors of 192.
2, 3
List the prime factors of 8221.
8221
List the prime factors of 5370.
2, 3, 5, 179
What are the prime factors of 2032?
2, 127
List the prime factors of 830.
2, 5, 83
List the prime factors of 1407.
3, 7, 67
What are the prime factors of 4765?
5, 953
List the prime factors of 6350.
2, 5, 127
List the prime factors of 36783.
3, 61, 67
What are the prime factors of 11082?
2, 3, 1847
List the prime factors of 9610.
2, 5, 31
List the prime factors of 58562.
2, 7, 47, 89
What are the prime factors of 10756?
2, 2689
What are the prime factors of 2425?
5, 97
List the prime factors of 50412.
2, 3, 4201
What are the prime factors of 20890?
2, 5, 2089
What are the prime factors of 18263?
7, 2609
What are the prime factors of 4667?
13, 359
List the prime factors of 11183.
53, 211
What are the prime factors of 674?
2, 337
List the prime factors of 13.
13
List the prime factors of 27468.
2, 3, 7, 109
What are the prime factors of 2797?
2797
List the prime factors of 5155.
5, 1031
List the prime factors of 11345.
5, 2269
What are the prime factors of 31835?
5, 6367
List the prime factors of 141964.
2, 35491
What are the prime factors of 2011?
2011
What are the prime factors of 6902?
2, 7, 17, 29
List the prime factors of 71546.
2, 83, 431
What are the prime factors of 16810?
2, 5, 41
List the prime factors of 110675.
5, 19, 233
What are the prime factors of 15760?
2, 5, 197
What are the prime factors of 8870?
2, 5, 887
List the prime factors of 1924.
2, 13, 37
List the prime factors of 480.
2, 3, 5
List the prime factors of 27185.
5, 5437
What are the prime factors of 2430?
2, 3, 5
What are the prime factors of 166?
2, 83
List the prime factors of 9414.
2, 3, 523
List the prime factors of 12949.
23, 563
List the prime factors of 37631.
11, 311
Wha